 l(7)?
7
Let s(g) = -2*g**3 - g + 5*g**3 - 4*g**3 - 6 - 3*g**2 + 2*g**3. Let r be s(4). Suppose -r*q + 1184 = 2*q. What is the tens digit of q?
4
Let t = -9622 + 40717. What is the ten thousands digit of t?
3
Let r(c) = -6*c**3 + 18*c**2 + 3*c - 7. Let b(w) = -w**3 + 1. Let g(z) = 3*b(z) - r(z). What is the tens digit of g(9)?
1
Suppose 4725 = -9*s - 12*s. Let n = 370 + s. What is the units digit of n?
5
Let o(r) be the third derivative of 1/30*r**5 + 1/6*r**3 + 16*r**2 - 1/6*r**4 + 7/120*r**6 + 0 + 0*r. What is the units digit of o(2)?
7
Let z = 277 - 273. Suppose k = 2*i + 323, -z*k - 1602 = -9*k - 3*i. What is the tens digit of k?
2
Let t(m) = 35*m - 140. Let r(u) = -3*u - 1. Let d(n) = -4*r(n) - t(n). What is the tens digit of d(-14)?
6
Suppose -3*v - 4*w - 12 = 0, -3*v + 0*w + 9 = -3*w. Suppose v = -2*n + 136 + 68. Let q = 148 - n. What is the tens digit of q?
4
Let b(m) = 2*m**3 + 15*m**2 - 8*m + 2. Let w be b(-8). Suppose -3*u + 142 = -g, 2*g + g = -w*u - 371. Let v = 72 - g. What is the units digit of v?
9
Let p be (-3293)/(-7) - (-208)/364. Let r = 846 + p. What is the units digit of r?
7
Let b(n) be the first derivative of 3*n**2/2 - 22*n + 15. Let p be b(10). Suppose 4*l + 256 = p*l. What is the tens digit of l?
6
Let c = 91064 - 41496. What is the ten thousands digit of c?
4
Suppose -26*g + 108*g + 82 = 0. Let a(x) = -36*x + 1. Let o be a(-4). Let v = o - g. What is the tens digit of v?
4
Let z(l) be the second derivative of l**5/20 + 5*l**4/12 - 5*l**3/2 + 12*l**2 + 21*l + 1. What is the hundreds digit of z(7)?
5
What is the tens digit of (4491 - -1) + (31 - (8 + 18))?
9
Suppose 290*h - 238 = 292*h. Let g = h + 887. What is the tens digit of g?
6
Let f = 12874 + -9694. What is the hundreds digit of f?
1
Let a be (-6)/(-39) + ((-1086)/39)/(-1). Let d = 45 - a. Suppose -12*o = -d*o + 880. What is the hundreds digit of o?
1
Let w(b) = b**2 + 27*b + 24. Let t be w(-10). Let k = t - -527. Let m = 592 - k. What is the hundreds digit of m?
2
Let a(w) = -w - 18. Let t be a(-23). Suppose 2*h - 984 = -t*b, 0 = 3*h - 7*h - 12. What is the units digit of b?
8
Suppose -1635*k = -1850*k + 1554235. What is the hundreds digit of k?
2
Suppose 0 = -575*r + 580*r - 109847 + 18897. What is the tens digit of r?
9
Let s = 2 - -30. Suppose 16 = -q - s. What is the units digit of q/20*10/(-6)?
4
Let r(z) = -z**2 - 27*z - 32. Suppose -2*k = 3*s + 37 + 1, 2*s = 5*k + 57. Let n be (k/(-39))/(1/(-69)). What is the units digit of r(n)?
0
Let o be (5 - 4 - 20) + -2. Let z = -100 + o. Let m = z + 219. What is the units digit of m?
8
Let v(d) = d**2 - 14*d - 18. Let b be v(15). What is the units digit of 18/3 + b - -993?
6
Suppose 60*h - 59*h - 142 = 0. Suppose f - h = -2*b + 3*f, -4*b = -2*f - 280. What is the tens digit of b?
6
Let a(s) = -7757*s - 191. What is the thousands digit of a(-1)?
7
Suppose -4*q - 28 = 5*r, q + q + 5*r + 4 = 0. What is the units digit of 102/(-4)*(-18 - q)?
3
Suppose 682*p - 622*p - 736620 = 0. What is the ten thousands digit of p?
1
Let f(c) = 11*c**2 + 10. Let i be f(-5). Let q be ((-30)/9)/((-1)/i). Suppose 7*o - q = -3*o. What is the units digit of o?
5
Let u(y) = -4 - 2 - 3 - y**2 + 1 - 21*y. Let l be u(-19). What is the tens digit of 11/(55/l)*34?
0
Suppose -747*p + 878*p - 2105563 = 0. What is the thousands digit of p?
6
Suppose 40*m - 21*m - 39311 = 0. What is the units digit of m?
9
Let z(f) = 12*f**2 - 5*f - 5. Let k be z(-1). Suppose 6*o - k = 12*o. What is the tens digit of (-51)/o + -12*3/(-24)?
2
Let l = 1097 - -3125. What is the tens digit of l?
2
Let l(k) = k**3 - 17*k**2 + 46*k - 21. Let r be l(14). Let a = r - -335. What is the hundreds digit of a?
3
Suppose 11*p = 14*p - 12. Suppose -p*r + r + 5*m = -393, -262 = -2*r - 2*m. Suppose -4*l + r - 43 = 0. What is the units digit of l?
2
Suppose 4*k - 680 = -36*k. Let t(r) = 47*r - 150. What is the hundreds digit of t(k)?
6
Let i be (-2)/7 + 10*15/35. Let o be (-1 - 15/(-9)) + i/3. Suppose -125 = -o*d + 61. What is the units digit of d?
3
Let s be 10*(12/(-20)*1 - -1). Suppose s*z - 2950 = -322. What is the hundreds digit of z?
6
Let l be (-52)/(-78) - (-2)/((-6)/(-25)). What is the tens digit of 6580/18 - (l + 765/(-81))?
6
Let s be (5/15*-2)/(2/15). Let m be 4/(-10) + (-17)/s. What is the tens digit of 0*(-1)/m + 86 + -2?
8
Let v(c) = -c**3 - 4*c**2 + 9*c - 9. Let m be v(-6). Let p = 5 + m. Let t(y) = 6*y + 7. What is the tens digit of t(p)?
9
Let k be ((-364)/35)/((-2)/20). Suppose -4*y + 1 - 17 = 0, -1330 = -5*a + 5*y. Let d = a - k. What is the units digit of d?
8
Suppose 5*l + 4*u = 619, 2*u + 3*u - 251 = -2*l. Let b = 114 + -45. Let y = l - b. What is the units digit of y?
4
Suppose 7*f - 3*f - 26632 = -w, -3*f = 5*w - 19991. What is the units digit of f?
7
Suppose -1 = -7*u + 6. Let v be ((-66)/11)/((-2)/u). Suppose y = r + 193, -5*y + v*y + 366 = 3*r. What is the hundreds digit of y?
1
Suppose 414540 = -771*i + 786*i. What is the thousands digit of i?
7
Let w = 17 - 18. Let x be (-15)/25 - w - (-4)/(-10). What is the units digit of 78*((x - 1) + 2)?
8
Let k(p) = 8*p**2 + 3*p - 11. Suppose 7*t - 14*t - 35 = 0. Let s be k(t). Let q = 67 + s. What is the tens digit of q?
4
Let a(m) = -221*m**3 + 544*m**3 - 3 + 212*m**3 + 2. What is the units digit of a(1)?
4
Let o(r) = 39*r**3 - 1. Let p be o(1). Let z = p - 48. What is the units digit of (26/z)/(4/(-60))?
9
Let f(p) = 5*p**2 - 29 - 4*p**2 - 4 - 18 - 5*p. What is the tens digit of f(-8)?
5
Let l(i) = 39*i + 53. Let x be l(-11). What is the tens digit of 0 - -1 - (x - 14)?
9
Let l = -8 + 58. Suppose -2*z = -6*c + 3*c + 82, -z - 63 = 4*c. Let t = z + l. What is the units digit of t?
3
Let b(y) = y**3 + 6*y**2 - 5*y - 15. Let h be b(6). Suppose 0 = 8*x - 669 - h. What is the tens digit of x?
3
Suppose -8*y + 3*y = 4*n - 35217, -n = 2*y - 14088. What is the tens digit of y?
4
Suppose 4*x + 2*v + 2 = 0, 2*v + 2 = -5*x - 0. Suppose x = 21*f - 24*f - 18. What is the hundreds digit of (9/f - -3) + (-711)/(-6)?
1
Suppose 2*b + 0*b + 2*t - 16 = 0, 5*t - 12 = 2*b. Suppose -3*j + 2*f - 1630 = -7*j, -4*j + b*f = -1624. What is the hundreds digit of j?
4
Suppose 30*h + 102762 = 63*h. What is the tens digit of h?
1
Suppose -4*h = 3*i - 11186, 4*h - 4*i + 5598 = 6*h. What is the hundreds digit of h?
7
Suppose -176 = -62*b + 58*b. Let f be (-5)/(-20) + (-71)/(-4). Let r = b - f. What is the tens digit of r?
2
Suppose 19*h - 390628 = 447462. What is the units digit of h?
0
Let z be 57/5 + (42/(-35))/3. Suppose -8*p = -n - z*p + 589, -2865 = -5*n + p. What is the tens digit of n?
7
Suppose 30901 = z + 3*i, -z + 30*i = 26*i - 30957. What is the ten thousands digit of z?
3
What is the hundreds digit of 11996 + (-63)/315*(0 - 5)?
9
Let y(j) = 16*j**2 + 47*j + 186. What is the hundreds digit of y(-25)?
0
Suppose 0 = 4*h + 70 + 5038. What is the units digit of (-3)/12 - (h/4 - 0)?
9
Let q = 3499 - -6140. What is the units digit of q?
9
Let r(n) = -n**3 - 4*n**2 - 67*n - 479. What is the tens digit of r(-20)?
6
Suppose 4*t = -3*s + 18, 0 = -2*s - 0*s - 5*t + 12. Suppose 6*k - s = -0*k. What is the tens digit of (12/18)/(k/162)?
0
Let s = 35384 - 27100. What is the hundreds digit of s?
2
Let s = 25340 + -9404. What is the hundreds digit of s?
9
Let k = -870 + 543. Let g = 1300 + k. What is the units digit of g?
3
Let o(n) = 24*n - 66*n + 62 + 19*n + 3*n**3 + 29*n**2 - 4*n**3. What is the units digit of o(28)?
2
Suppose -2*c - 6*j = -5*j - 31, j = 2*c - 21. Suppose -4380 = 9*z - c*z - 4*l, -3*l = 5*z - 5465. What is the units digit of z?
0
Suppose 5*p + 3*l - l + 228 = 0, -2*l + 186 = -4*p. Let o = p - -188. What is the hundreds digit of o?
1
What is the units digit of (0 - 168)/((-161)/11109)?
2
Suppose 120*g - 124*g = 40. What is the units digit of (-2 - -3) + 3 + 887 + g?
1
Let a(q) = 5*q - 45. Let f be a(10). Suppose -476 = -f*d - w, -5 = -3*w - 2*w. Suppose -u + 4 + 31 = -3*x, 0 = -3*u - x + d. What is the units digit of u?
2
Suppose -29*h + 404 = -33*h. Let b be (-15)/6*(32 - 0). Let o = b - h. What is the tens digit of o?
2
Let d(h) = h**3 - 10*h**2 - 27*h + 30. Let s be d(12). Let k(l) = -3*l**3 + 2*l**2 + 9*l. What is the hundreds digit of k(s)?
6
What is the units digit of (-1 - -6988) + 0 - 75/15?
2
Suppose 0 = 23*o - 85333 -